greatest common divisor of 133128 and 129?
129
What is the highest common divisor of 1458 and 38?
2
What is the highest common factor of 174696 and 18?
6
Calculate the greatest common divisor of 3330 and 642320.
370
Calculate the highest common divisor of 121 and 780813.
121
Calculate the greatest common factor of 157652 and 1232.
44
Calculate the greatest common divisor of 168 and 76650.
42
What is the greatest common divisor of 439641 and 621?
27
What is the greatest common divisor of 26 and 36634?
26
What is the highest common divisor of 3984420 and 60?
60
What is the greatest common factor of 54120 and 77?
11
What is the greatest common divisor of 156 and 3513432?
156
What is the greatest common factor of 36 and 9909036?
36
What is the highest common divisor of 27 and 5603?
1
What is the highest common factor of 50 and 42010?
10
What is the highest common divisor of 989 and 129329?
23
What is the greatest common divisor of 1452 and 10572?
12
Calculate the greatest common factor of 260262 and 24282.
342
What is the highest common factor of 10974 and 24?
6
What is the highest common factor of 1909 and 12118?
83
What is the greatest common factor of 8208 and 1748?
76
Calculate the highest common factor of 2191830 and 30.
30
Calculate the greatest common divisor of 15456 and 92.
92
Calculate the greatest common factor of 153 and 3468.
51
Calculate the highest common divisor of 516 and 94772.
172
Calculate the highest common divisor of 50504 and 3658.
118
What is the highest common divisor of 59836 and 2898?
14
What is the highest common divisor of 229320 and 832?
104
What is the highest common factor of 27 and 2408481?
27
What is the greatest common divisor of 532931 and 42?
7
What is the greatest common divisor of 580 and 464?
116
What is the highest common divisor of 133641 and 5269?
479
Calculate the greatest common divisor of 24 and 161208.
24
What is the greatest common factor of 26 and 1984073?
13
What is the greatest common divisor of 36553 and 319?
11
Calculate the highest common factor of 10494 and 6732.
198
What is the greatest common factor of 108 and 63882?
54
What is the highest common factor of 104248 and 7850?
314
What is the highest common divisor of 21636 and 1764?
36
Calculate the greatest common divisor of 30 and 347755.
5
What is the highest common divisor of 103751 and 6647?
289
What is the greatest common factor of 256215 and 7163?
551
Calculate the greatest common factor of 265375 and 15.
5
Calculate the greatest common divisor of 194947 and 509.
509
What is the highest common divisor of 22 and 4938?
2
What is the greatest common factor of 5052 and 96?
12
Calculate the greatest common factor of 57 and 174819.
57
Calculate the greatest common factor of 12096 and 2772.
252
Calculate the greatest common divisor of 15035 and 7285.
155
Calculate the highest common factor of 33 and 3377.
11
Calculate the highest common divisor of 2511 and 90303.
93
Calculate the greatest common factor of 1300 and 195260.
260
What is the greatest common factor of 3520 and 2496?
64
Calculate the greatest common factor of 154 and 8272.
22
Calculate the greatest common divisor of 24 and 9157704.
24
What is the highest common factor of 22640 and 10?
10
What is the highest common divisor of 10812 and 8?
4
Calculate the highest common factor of 28982 and 3268.
86
What is the highest common divisor of 1085 and 1050?
35
What is the highest common factor of 122 and 73688?
122
What is the highest common divisor of 11 and 3403851?
11
What is the greatest common divisor of 1688 and 5275?
211
Calculate the highest common factor of 875 and 21600.
25
What is the highest common factor of 228 and 12168?
12
Calculate the greatest common factor of 2049754 and 42.
14
Calculate the greatest common factor of 13184 and 5974.
206
Calculate the greatest common divisor of 15 and 2573745.
15
What is the greatest common factor of 24468 and 214?
2
Calculate the highest common factor of 82720 and 3058.
22
Calculate the highest common divisor of 199212 and 507.
39
What is the highest common divisor of 59698 and 114?
38
What is the greatest common factor of 39862 and 304?
38
What is the highest common divisor of 14 and 2656?
2
What is the greatest common divisor of 21 and 1201620?
21
What is the greatest common divisor of 13797 and 10293?
219
What is the highest common factor of 38305 and 35045?
815
Calculate the greatest common divisor of 3630 and 25278.
66
What is the highest common factor of 2723 and 1278643?
389
Calculate the highest common divisor of 632 and 248.
8
Calculate the highest common divisor of 134108 and 12.
4
Calculate the greatest common factor of 561498 and 1844.
922
Calculate the greatest common factor of 24024 and 1430.
286
Calculate the greatest common factor of 18019 and 3108.
37
Calculate the highest common factor of 2535 and 9035.
65
Calculate the highest common divisor of 198 and 10923.
33
Calculate the highest common divisor of 326685 and 1131.
87
What is the greatest common divisor of 180 and 29844?
36
Calculate the greatest common factor of 21 and 8687.
7
Calculate the highest common divisor of 1883263 and 2553.
851
Calculate the greatest common factor of 24550 and 2.
2
Calculate the greatest common factor of 2140 and 770828.
428
What is the greatest common divisor of 309212 and 1288?
92
What is the greatest common factor of 5185708 and 836?
836
Calculate the highest common divisor of 4979 and 91.
13
What is the highest common divisor of 21964 and 190?
38
Calculate the greatest common factor of 28595 and 13755.
35
What is the greatest common divisor of 7257 and 531?
177
Calculate the highest common divisor of 2442482 and 28.
14
Calculate the greatest common factor of 16050 and 67945.
535
What is the greatest common factor of 1662 and 138?
6
What is the greatest common divisor of 79500 and 2700?
300
Calculate the greatest common factor of 237 and 39579.
237
Calculate the highest common factor of 55 and 449867.
11
What is the highest common divisor of 1840 and 1072?
16
Calculate the greatest common divisor of 172464 and 84.
12
What is the greatest common factor of 30682 and 232?
58
What is the greatest common divisor of 268 and 164284?
268
Calculate the highest common divisor of 45 and 316755.
45
Calculate the highest common factor of 68 and 638639.
17
What is the highest common divisor of 872 and 167315?
109
Calculate the greatest common factor of 415 and 448532.
83
Calculate the highest common factor of 40 and 212360.
40
Calculate the highest common factor of 70 and 2673755.
35
Calculate the greatest common divisor of 2459 and 27.
1
What is the highest common factor of 43834 and 91?
7
What is the highest common factor of 33831 and 2457?
189
What is the greatest common factor of 9 and 8937?
9
Calculate the highest common divisor of 275638 and 88.
22
Calculate the highest common factor of 787 and 2579786.
787
What is the greatest common factor of 38733 and 3?
3
What is the greatest common divisor of 225 and 13375?
25
What is the greatest common divisor of 93164 and 20?
4
Calculate the highest common factor of 9 and 415062.
9
Calculate the greatest common factor of 31302 and 2442.
222
What is the greatest common divisor of 2 and 8578?
2
What is the highest common divisor of 126825 and 114?
57
What is the greatest common factor of 2295 and 57545?
85
What is the highest common divisor of 2110129 and 7?
7
Calculate the highest common divisor of 45 and 127377.
9
What is the highest common divisor of 110 and 1044010?
110
Calculate the highest common factor of 54266 and 602.
86
Calculate the highest common factor of 4402 and 4.
2
Calculate the highest common divisor of 475 and 57.
19
What is the greatest common factor of 130257 and 1765?
353
Calculate the greatest common factor of 825 and 25525.
25
What is the highest common divisor of 904850 and 250?
50
Calculate the greatest common factor of 2988 and 6084.
36
Calculate the highest common factor of 1078 and 31458.
98
Calculate the greatest common factor of 282736 and 1640.
328
Calculate the highest common divisor of 476 and 25109.
119
Calculate the highest common factor of 1580 and 59645.
395
What is the greatest common factor of 15397 and 50285?
89
What is the greatest common divisor of 423 and 1515